{"id":118,"date":"2026-02-28T17:45:59","date_gmt":"2026-02-28T17:45:59","guid":{"rendered":"https:\/\/lauratorregrosa.fpcei.eu\/?page_id=118"},"modified":"2026-02-28T17:45:59","modified_gmt":"2026-02-28T17:45:59","slug":"marcas","status":"publish","type":"page","link":"https:\/\/lauratorregrosa.fpcei.eu\/?page_id=118","title":{"rendered":"Marcas"},"content":{"rendered":"\n<h2 class=\"wp-block-heading\"><strong>Tipos de perfumes: <\/strong><\/h2>\n\n\n\n<p><strong>Nicho<\/strong>: Exclusivos, se encuentran en tiendas especializadas en perfumes, estos se asocian al lujo al tener un precio muy elevado, son muy intensos y con notas llamativas, son limitados, en estos se encuentran Creed, Xerjoff, Amouage&#8230;<\/p>\n\n\n\n<div class=\"wp-block-columns is-layout-flex wp-container-core-columns-is-layout-28f84493 wp-block-columns-is-layout-flex\">\n<div class=\"wp-block-column is-layout-flow wp-block-column-is-layout-flow\">\n<h2 class=\"wp-block-heading\"><strong>Creed<\/strong><\/h2>\n\n\n\n<figure class=\"wp-block-image size-full is-resized\"><img loading=\"lazy\" decoding=\"async\" width=\"571\" height=\"775\" src=\"https:\/\/lauratorregrosa.fpcei.eu\/wp-content\/uploads\/2026\/02\/creeed.jpg\" alt=\"\" class=\"wp-image-121\" style=\"aspect-ratio:0.7367893900670028;width:237px;height:auto\" srcset=\"https:\/\/lauratorregrosa.fpcei.eu\/wp-content\/uploads\/2026\/02\/creeed.jpg 571w, https:\/\/lauratorregrosa.fpcei.eu\/wp-content\/uploads\/2026\/02\/creeed-221x300.jpg 221w\" sizes=\"auto, (max-width: 571px) 100vw, 571px\" \/><\/figure>\n<\/div>\n\n\n\n<div class=\"wp-block-column is-layout-flow wp-block-column-is-layout-flow\">\n<h2 class=\"wp-block-heading\"><strong>Xerjoff<\/strong><\/h2>\n\n\n\n<figure class=\"wp-block-image size-full is-resized\"><img loading=\"lazy\" decoding=\"async\" width=\"743\" height=\"920\" src=\"https:\/\/lauratorregrosa.fpcei.eu\/wp-content\/uploads\/2026\/02\/xerjoff-1.jpg\" alt=\"\" class=\"wp-image-120\" style=\"aspect-ratio:0.8076165960024227;width:261px;height:auto\" srcset=\"https:\/\/lauratorregrosa.fpcei.eu\/wp-content\/uploads\/2026\/02\/xerjoff-1.jpg 743w, https:\/\/lauratorregrosa.fpcei.eu\/wp-content\/uploads\/2026\/02\/xerjoff-1-242x300.jpg 242w\" sizes=\"auto, (max-width: 743px) 100vw, 743px\" \/><\/figure>\n<\/div>\n\n\n\n<div class=\"wp-block-column is-layout-flow wp-block-column-is-layout-flow\">\n<h2 class=\"wp-block-heading\"><strong>Amouage<\/strong><\/h2>\n\n\n\n<figure class=\"wp-block-image size-full is-resized\"><img loading=\"lazy\" decoding=\"async\" width=\"409\" height=\"471\" src=\"https:\/\/lauratorregrosa.fpcei.eu\/wp-content\/uploads\/2026\/02\/amouge-1.jpg\" alt=\"\" class=\"wp-image-123\" style=\"aspect-ratio:0.8683953431572091;width:279px;height:auto\" srcset=\"https:\/\/lauratorregrosa.fpcei.eu\/wp-content\/uploads\/2026\/02\/amouge-1.jpg 409w, https:\/\/lauratorregrosa.fpcei.eu\/wp-content\/uploads\/2026\/02\/amouge-1-261x300.jpg 261w\" sizes=\"auto, (max-width: 409px) 100vw, 409px\" \/><\/figure>\n<\/div>\n<\/div>\n\n\n\n<div style=\"height:54px\" aria-hidden=\"true\" class=\"wp-block-spacer\"><\/div>\n\n\n\n<p><strong>Dise\u00f1ador<\/strong>: Son m\u00e1s convencionales, se encuentran en perfumer\u00edas (sephora, el corte ingles\u2026) Son conocidos por ser fabricados por casas de moda como Gucci, Prada, Dior\u2026 Son los m\u00e1s extensos del mercado ya que todas las marcas cuentan con una l\u00ednea de perfumes y sus precios son m\u00e1s variados.<\/p>\n\n\n\n<div class=\"wp-block-columns is-layout-flex wp-container-core-columns-is-layout-28f84493 wp-block-columns-is-layout-flex\">\n<div class=\"wp-block-column is-layout-flow wp-block-column-is-layout-flow\">\n<h2 class=\"wp-block-heading\"><strong>Gucci<\/strong> <\/h2>\n\n\n\n<figure class=\"wp-block-image size-large is-resized\"><img loading=\"lazy\" decoding=\"async\" width=\"683\" height=\"1024\" src=\"https:\/\/lauratorregrosa.fpcei.eu\/wp-content\/uploads\/2026\/02\/bloom-683x1024.jpg\" alt=\"\" class=\"wp-image-124\" style=\"aspect-ratio:0.6670105993809211;width:191px;height:auto\" srcset=\"https:\/\/lauratorregrosa.fpcei.eu\/wp-content\/uploads\/2026\/02\/bloom-683x1024.jpg 683w, https:\/\/lauratorregrosa.fpcei.eu\/wp-content\/uploads\/2026\/02\/bloom-200x300.jpg 200w, https:\/\/lauratorregrosa.fpcei.eu\/wp-content\/uploads\/2026\/02\/bloom.jpg 736w\" sizes=\"auto, (max-width: 683px) 100vw, 683px\" \/><\/figure>\n<\/div>\n\n\n\n<div class=\"wp-block-column is-layout-flow wp-block-column-is-layout-flow\">\n<h2 class=\"wp-block-heading\"><strong>Prada<\/strong><\/h2>\n\n\n\n<figure class=\"wp-block-image size-large is-resized\"><img loading=\"lazy\" decoding=\"async\" width=\"825\" height=\"1024\" src=\"https:\/\/lauratorregrosa.fpcei.eu\/wp-content\/uploads\/2026\/02\/pradaaaa-825x1024.jpg\" alt=\"\" class=\"wp-image-126\" style=\"aspect-ratio:0.8056646525679758;width:233px;height:auto\" srcset=\"https:\/\/lauratorregrosa.fpcei.eu\/wp-content\/uploads\/2026\/02\/pradaaaa-825x1024.jpg 825w, https:\/\/lauratorregrosa.fpcei.eu\/wp-content\/uploads\/2026\/02\/pradaaaa-242x300.jpg 242w, https:\/\/lauratorregrosa.fpcei.eu\/wp-content\/uploads\/2026\/02\/pradaaaa-768x954.jpg 768w, https:\/\/lauratorregrosa.fpcei.eu\/wp-content\/uploads\/2026\/02\/pradaaaa.jpg 828w\" sizes=\"auto, (max-width: 825px) 100vw, 825px\" \/><\/figure>\n<\/div>\n\n\n\n<div class=\"wp-block-column is-layout-flow wp-block-column-is-layout-flow\">\n<h2 class=\"wp-block-heading\"><strong>Dior<\/strong> <\/h2>\n\n\n\n<figure class=\"wp-block-image size-full is-resized\"><img loading=\"lazy\" decoding=\"async\" width=\"736\" height=\"736\" src=\"https:\/\/lauratorregrosa.fpcei.eu\/wp-content\/uploads\/2026\/02\/miss-dior-2.jpg\" alt=\"\" class=\"wp-image-125\" style=\"width:285px;height:auto\" srcset=\"https:\/\/lauratorregrosa.fpcei.eu\/wp-content\/uploads\/2026\/02\/miss-dior-2.jpg 736w, https:\/\/lauratorregrosa.fpcei.eu\/wp-content\/uploads\/2026\/02\/miss-dior-2-300x300.jpg 300w, https:\/\/lauratorregrosa.fpcei.eu\/wp-content\/uploads\/2026\/02\/miss-dior-2-150x150.jpg 150w\" sizes=\"auto, (max-width: 736px) 100vw, 736px\" \/><\/figure>\n<\/div>\n<\/div>\n\n\n\n<div style=\"height:64px\" aria-hidden=\"true\" class=\"wp-block-spacer\"><\/div>\n\n\n\n<p><strong>Celebrity<\/strong>: Creados por famosos, son consumidos ya que los representa un famoso como Ariana Grande, Sabrina Carpenter, Georgina\u2026<\/p>\n\n\n\n<div class=\"wp-block-columns is-layout-flex wp-container-core-columns-is-layout-28f84493 wp-block-columns-is-layout-flex\">\n<div class=\"wp-block-column is-layout-flow wp-block-column-is-layout-flow\">\n<h2 class=\"wp-block-heading\"><strong>Ariana Grande<\/strong><\/h2>\n\n\n\n<figure class=\"wp-block-image size-large is-resized\"><img loading=\"lazy\" decoding=\"async\" width=\"576\" height=\"1024\" src=\"https:\/\/lauratorregrosa.fpcei.eu\/wp-content\/uploads\/2026\/02\/ari-576x1024.jpg\" alt=\"\" class=\"wp-image-127\" style=\"aspect-ratio:0.5625049439683586;width:221px;height:auto\" srcset=\"https:\/\/lauratorregrosa.fpcei.eu\/wp-content\/uploads\/2026\/02\/ari-576x1024.jpg 576w, https:\/\/lauratorregrosa.fpcei.eu\/wp-content\/uploads\/2026\/02\/ari-169x300.jpg 169w, https:\/\/lauratorregrosa.fpcei.eu\/wp-content\/uploads\/2026\/02\/ari.jpg 736w\" sizes=\"auto, (max-width: 576px) 100vw, 576px\" \/><\/figure>\n<\/div>\n\n\n\n<div class=\"wp-block-column is-layout-flow wp-block-column-is-layout-flow\">\n<h2 class=\"wp-block-heading\"><strong>Sabrina Carpenter<\/strong><\/h2>\n\n\n\n<figure class=\"wp-block-image size-full is-resized\"><img loading=\"lazy\" decoding=\"async\" width=\"736\" height=\"981\" src=\"https:\/\/lauratorregrosa.fpcei.eu\/wp-content\/uploads\/2026\/02\/sabrina.jpg\" alt=\"\" class=\"wp-image-128\" style=\"aspect-ratio:0.750272551433093;width:294px;height:auto\" srcset=\"https:\/\/lauratorregrosa.fpcei.eu\/wp-content\/uploads\/2026\/02\/sabrina.jpg 736w, https:\/\/lauratorregrosa.fpcei.eu\/wp-content\/uploads\/2026\/02\/sabrina-225x300.jpg 225w\" sizes=\"auto, (max-width: 736px) 100vw, 736px\" \/><\/figure>\n<\/div>\n\n\n\n<div class=\"wp-block-column is-layout-flow wp-block-column-is-layout-flow\">\n<h2 class=\"wp-block-heading\"><strong>Georgina<\/strong><\/h2>\n\n\n\n<figure class=\"wp-block-image size-large is-resized\"><img loading=\"lazy\" decoding=\"async\" width=\"576\" height=\"1024\" src=\"https:\/\/lauratorregrosa.fpcei.eu\/wp-content\/uploads\/2026\/02\/georgina-576x1024.jpg\" alt=\"\" class=\"wp-image-129\" style=\"aspect-ratio:0.5625049439683586;width:221px;height:auto\" srcset=\"https:\/\/lauratorregrosa.fpcei.eu\/wp-content\/uploads\/2026\/02\/georgina-576x1024.jpg 576w, https:\/\/lauratorregrosa.fpcei.eu\/wp-content\/uploads\/2026\/02\/georgina-169x300.jpg 169w, https:\/\/lauratorregrosa.fpcei.eu\/wp-content\/uploads\/2026\/02\/georgina.jpg 736w\" sizes=\"auto, (max-width: 576px) 100vw, 576px\" \/><\/figure>\n<\/div>\n<\/div>\n\n\n\n<div style=\"height:53px\" aria-hidden=\"true\" class=\"wp-block-spacer\"><\/div>\n\n\n\n<p><strong>Alternativo<\/strong>: Son perfumes que duplican a otros superiores, son muchos m\u00e1s baratos que los originales eso no quiere decir que la calidad sea del todo baja, en estos se encuentran Caravan, Saphir\u2026<\/p>\n\n\n\n<div class=\"wp-block-columns is-layout-flex wp-container-core-columns-is-layout-28f84493 wp-block-columns-is-layout-flex\">\n<div class=\"wp-block-column is-layout-flow wp-block-column-is-layout-flow\">\n<h2 class=\"wp-block-heading\"><strong>Caravan<\/strong> <\/h2>\n\n\n\n<figure class=\"wp-block-image aligncenter size-large is-resized\"><img loading=\"lazy\" decoding=\"async\" width=\"696\" height=\"1024\" src=\"https:\/\/lauratorregrosa.fpcei.eu\/wp-content\/uploads\/2026\/02\/cara-696x1024.jpg\" alt=\"\" class=\"wp-image-130\" style=\"aspect-ratio:0.6796941376380629;width:205px;height:auto\" srcset=\"https:\/\/lauratorregrosa.fpcei.eu\/wp-content\/uploads\/2026\/02\/cara-696x1024.jpg 696w, https:\/\/lauratorregrosa.fpcei.eu\/wp-content\/uploads\/2026\/02\/cara-204x300.jpg 204w, https:\/\/lauratorregrosa.fpcei.eu\/wp-content\/uploads\/2026\/02\/cara.jpg 735w\" sizes=\"auto, (max-width: 696px) 100vw, 696px\" \/><\/figure>\n<\/div>\n\n\n\n<div class=\"wp-block-column is-layout-flow wp-block-column-is-layout-flow\">\n<h2 class=\"wp-block-heading\"><strong>Saphir<\/strong><\/h2>\n\n\n\n<figure class=\"wp-block-image aligncenter size-full is-resized\"><img loading=\"lazy\" decoding=\"async\" width=\"512\" height=\"512\" src=\"https:\/\/lauratorregrosa.fpcei.eu\/wp-content\/uploads\/2026\/02\/saphir.jpg\" alt=\"\" class=\"wp-image-131\" style=\"width:300px;height:auto\" srcset=\"https:\/\/lauratorregrosa.fpcei.eu\/wp-content\/uploads\/2026\/02\/saphir.jpg 512w, https:\/\/lauratorregrosa.fpcei.eu\/wp-content\/uploads\/2026\/02\/saphir-300x300.jpg 300w, https:\/\/lauratorregrosa.fpcei.eu\/wp-content\/uploads\/2026\/02\/saphir-150x150.jpg 150w\" sizes=\"auto, (max-width: 512px) 100vw, 512px\" \/><\/figure>\n<\/div>\n<\/div>\n","protected":false},"excerpt":{"rendered":"<p>Tipos de perfumes: Nicho: Exclusivos, se encuentran en tiendas especializadas en perfumes, estos se asocian al lujo al tener un precio muy elevado, son muy intensos y con notas llamativas, son limitados, en estos se encuentran Creed, Xerjoff, Amouage&#8230; Creed Xerjoff Amouage Dise\u00f1ador: Son m\u00e1s convencionales, se encuentran en perfumer\u00edas (sephora, el corte ingles\u2026) Son [&hellip;]<\/p>\n","protected":false},"author":2,"featured_media":0,"parent":0,"menu_order":0,"comment_status":"closed","ping_status":"closed","template":"","meta":{"footnotes":""},"class_list":["post-118","page","type-page","status-publish","hentry"],"_links":{"self":[{"href":"https:\/\/lauratorregrosa.fpcei.eu\/index.php?rest_route=\/wp\/v2\/pages\/118","targetHints":{"allow":["GET"]}}],"collection":[{"href":"https:\/\/lauratorregrosa.fpcei.eu\/index.php?rest_route=\/wp\/v2\/pages"}],"about":[{"href":"https:\/\/lauratorregrosa.fpcei.eu\/index.php?rest_route=\/wp\/v2\/types\/page"}],"author":[{"embeddable":true,"href":"https:\/\/lauratorregrosa.fpcei.eu\/index.php?rest_route=\/wp\/v2\/users\/2"}],"replies":[{"embeddable":true,"href":"https:\/\/lauratorregrosa.fpcei.eu\/index.php?rest_route=%2Fwp%2Fv2%2Fcomments&post=118"}],"version-history":[{"count":1,"href":"https:\/\/lauratorregrosa.fpcei.eu\/index.php?rest_route=\/wp\/v2\/pages\/118\/revisions"}],"predecessor-version":[{"id":132,"href":"https:\/\/lauratorregrosa.fpcei.eu\/index.php?rest_route=\/wp\/v2\/pages\/118\/revisions\/132"}],"wp:attachment":[{"href":"https:\/\/lauratorregrosa.fpcei.eu\/index.php?rest_route=%2Fwp%2Fv2%2Fmedia&parent=118"}],"curies":[{"name":"wp","href":"https:\/\/api.w.org\/{rel}","templated":true}]}}